e the prime factors of 1784?
2, 223
List the prime factors of 4269.
3, 1423
What are the prime factors of 15430?
2, 5, 1543
List the prime factors of 317.
317
List the prime factors of 730.
2, 5, 73
What are the prime factors of 108572?
2, 27143
What are the prime factors of 46673?
11, 4243
What are the prime factors of 37945?
5, 7589
What are the prime factors of 7252?
2, 7, 37
List the prime factors of 6087.
3, 2029
What are the prime factors of 5804?
2, 1451
What are the prime factors of 532?
2, 7, 19
What are the prime factors of 2952?
2, 3, 41
List the prime factors of 3432.
2, 3, 11, 13
What are the prime factors of 865?
5, 173
List the prime factors of 4693.
13, 19
What are the prime factors of 2769?
3, 13, 71
What are the prime factors of 21415?
5, 4283
List the prime factors of 12964.
2, 7, 463
What are the prime factors of 805?
5, 7, 23
What are the prime factors of 643?
643
What are the prime factors of 1284?
2, 3, 107
List the prime factors of 1205.
5, 241
List the prime factors of 812.
2, 7, 29
What are the prime factors of 1642?
2, 821
What are the prime factors of 1635?
3, 5, 109
What are the prime factors of 6112?
2, 191
List the prime factors of 51016.
2, 7, 911
List the prime factors of 4337.
4337
What are the prime factors of 21178?
2, 10589
List the prime factors of 56.
2, 7
What are the prime factors of 56?
2, 7
What are the prime factors of 815?
5, 163
What are the prime factors of 1386?
2, 3, 7, 11
List the prime factors of 405.
3, 5
List the prime factors of 1838.
2, 919
What are the prime factors of 576?
2, 3
What are the prime factors of 67?
67
What are the prime factors of 11324?
2, 19, 149
List the prime factors of 12901.
7, 19, 97
List the prime factors of 97621.
41, 2381
What are the prime factors of 2406?
2, 3, 401
What are the prime factors of 12446?
2, 7, 127
List the prime factors of 4555.
5, 911
What are the prime factors of 53674?
2, 47, 571
What are the prime factors of 822?
2, 3, 137
What are the prime factors of 78820?
2, 5, 7, 563
What are the prime factors of 127?
127
What are the prime factors of 932?
2, 233
List the prime factors of 65097.
3, 2411
List the prime factors of 2427.
3, 809
List the prime factors of 39375.
3, 5, 7
List the prime factors of 94691.
23, 179
What are the prime factors of 12763?
12763
List the prime factors of 1257.
3, 419
What are the prime factors of 5894?
2, 7, 421
List the prime factors of 79563.
3, 11, 2411
What are the prime factors of 65918?
2, 23, 1433
What are the prime factors of 68447?
68447
What are the prime factors of 13741?
7, 13, 151
List the prime factors of 39506.
2, 19753
What are the prime factors of 294?
2, 3, 7
What are the prime factors of 101019?
3, 151, 223
List the prime factors of 20304.
2, 3, 47
List the prime factors of 669.
3, 223
List the prime factors of 5893.
71, 83
List the prime factors of 65312.
2, 13, 157
What are the prime factors of 829?
829
What are the prime factors of 8788?
2, 13
List the prime factors of 575.
5, 23
List the prime factors of 1063.
1063
What are the prime factors of 3742?
2, 1871
List the prime factors of 13104.
2, 3, 7, 13
List the prime factors of 39532.
2, 9883
List the prime factors of 32043.
3, 11, 971
What are the prime factors of 2795?
5, 13, 43
What are the prime factors of 1050?
2, 3, 5, 7
List the prime factors of 12672.
2, 3, 11
What are the prime factors of 912?
2, 3, 19
List the prime factors of 1298.
2, 11, 59
List the prime factors of 2441.
2441
List the prime factors of 3207.
3, 1069
List the prime factors of 97134.
2, 3, 16189
List the prime factors of 17917.
19, 23, 41
What are the prime factors of 11901?
3, 3967
What are the prime factors of 8508?
2, 3, 709
List the prime factors of 1352.
2, 13
What are the prime factors of 5229?
3, 7, 83
List the prime factors of 423.
3, 47
List the prime factors of 3288.
2, 3, 137
What are the prime factors of 98287?
7, 19, 739
List the prime factors of 36482.
2, 17, 29, 37
What are the prime factors of 5923?
5923
What are the prime factors of 55451?
11, 71
List the prime factors of 4170.
2, 3, 5, 139
List the prime factors of 10068.
2, 3, 839
What are the prime factors of 1313?
13, 101
What are the prime factors of 13640?
2, 5, 11, 31
List the prime factors of 2404.
2, 601
What are the prime factors of 1872?
2, 3, 13
List the prime factors of 6204.
2, 3, 11, 47
What are the prime factors of 13299?
3, 11, 13, 31
List the prime factors of 128435.
5, 17, 1511
List the prime factors of 2271.
3, 757
List the prime factors of 5116.
2, 1279
List the prime factors of 545.
5, 109
What are the prime factors of 725?
5, 29
What are the prime factors of 15566?
2, 43, 181
What are the prime factors of 49783?
49783
What are the prime factors of 76578?
2, 3, 12763
What are the prime factors of 4749?
3, 1583
What are the prime factors of 654?
2, 3, 109
List the prime factors of 1924.
2, 13, 37
List the prime factors of 10793.
43, 251
List the prime factors of 38723.
38723
List the prime factors of 104.
2, 13
List the prime factors of 2079.
3, 7, 11
List the prime factors of 9527.
7, 1361
What are the prime factors of 1550?
2, 5, 31
List the prime factors of 2928.
2, 3, 61
What are the prime factors of 34886?
2, 17443
What are the prime factors of 104?
2, 13
What are the prime factors of 130619?
130619
What are the prime factors of 7553?
7, 13, 83
What are the prime factors of 804?
2, 3, 67
List the prime factors of 2324.
2, 7, 83
What are the prime factors of 642?
2, 3, 107
What are the prime factors of 1037?
17, 61
List the prime factors of 14096.
2, 881
What are the prime factors of 965?
5, 193
What are the prime factors of 2043?
3, 227
What are the prime factors of 251?
251
List the prime factors of 106.
2, 53
What are the prime factors of 553?
7, 79
List the prime factors of 2157.
3, 719
What are the prime factors of 1903?
11, 173
What are the prime factors of 776?
2, 97
What are the prime factors of 1090?
2, 5, 109
List the prime factors of 907.
907
What are the prime factors of 260?
2, 5, 13
List the prime factors of 1802.
2, 17, 53
What are the prime factors of 30857?
59, 523
List the prime factors of 145279.
131, 1109
List the prime factors of 2401.
7
What are the prime factors of 44334?
2, 3, 821
What are the prime factors of 89559?
3, 31, 107
List the prime factors of 1472.
2, 23
What are the prime factors of 44346?
2, 3, 19, 389
List the prime factors of 90004.
2, 22501
What are the prime factors of 3613?
3613
List the prime factors of 581.
7, 83
What are the prime factors of 21593?
11, 13, 151
List the prime factors of 6831.
3, 11, 23
What are the prime factors of 32508?
2, 3, 7, 43
List the prime factors of 2410.
2, 5, 241
What are the prime factors of 30553?
30553
What are the prime factors of 25105?
5, 5021
List the prime factors of 21910.
2, 5, 7, 313
What are the prime factors of 2075?
5, 83
List the prime factors of 692.
2, 173
What are the prime factors of 139766?
2, 11, 6353
List the prime factors of 95037.
3, 79, 401
What are the prime factors of 9547?
9547
List the prime factors of 5772.
2, 3, 13, 37
What are the prime factors of 129670?
2, 5, 12967
What are the prime factors of 4993?
4993
List the prime factors of 1551.
3, 11, 47
What are the prime factors of 4204?
2, 1051
What are the prime factors of 25025?
5, 7, 11, 13
What are the prime factors of 79?
79
What are the prime factors of 1242?
2, 3, 23
What are the prime factors of 20093?
71, 283
What are the prime factors of 2254?
2, 7, 23
What are the prime factors of 1046?
2, 523
List the prime factors of 26.
2, 13
What are the prime factors of 10822?
2, 7, 773
List the prime factors of 1784.
2, 223
List the prime factors of 3950.
2, 5, 79
What are the prime factors of 6804?
2, 3, 7
List the prime factors of 305.
5, 61
List the prime factors of 12885.
3, 5, 859
What are the prime factors of 20048?
2, 7, 179
What are the prime factors of 199?
199
List the prime factors of 3558.
2, 3, 593
List the prime factors of 727.
727
What are the prime factors of 3312?
2, 3, 23
List the prime factors of 2413.
19, 127
What are the prime factors of 640?
2, 5
List the prime factors of 10469.
19, 29
What are the prime factors of 9590?
2, 5, 7, 137
List the prime factors of 1436.
2, 359
What are the prime factors of 126